hat is the ten thousands digit of 1407659013?
5
What is the millions digit of 103098754?
3
What is the tens digit of 1489995661?
6
What is the hundred thousands digit of 24028327?
0
What is the hundreds digit of 154397541?
5
What is the units digit of 535874723?
3
What is the millions digit of 128062564?
8
What is the hundreds digit of 227187964?
9
What is the tens digit of 7728343?
4
What is the billions digit of 1387966108?
1
What is the units digit of 971198644?
4
What is the millions digit of 300668051?
0
What is the millions digit of 39322805?
9
What is the thousands digit of 27585582?
5
What is the millions digit of 2750033014?
0
What is the ten millions digit of 160204178?
6
What is the millions digit of 390718366?
0
What is the tens digit of 67326379?
7
What is the thousands digit of 5764392524?
2
What is the thousands digit of 37208671?
8
What is the ten thousands digit of 17501052?
0
What is the hundred thousands digit of 745831930?
8
What is the hundred thousands digit of 71633633?
6
What is the hundred thousands digit of 55801084?
8
What is the thousands digit of 379441089?
1
What is the units digit of 688661456?
6
What is the ten thousands digit of 40417699?
1
What is the hundreds digit of 118093167?
1
What is the hundreds digit of 2777219629?
6
What is the tens digit of 2054392306?
0
What is the ten millions digit of 271144653?
7
What is the hundred thousands digit of 38478748?
4
What is the units digit of 2366107110?
0
What is the hundred thousands digit of 98440304?
4
What is the ten millions digit of 111462913?
1
What is the thousands digit of 16544097?
4
What is the ten thousands digit of 428660986?
6
What is the hundreds digit of 3037056403?
4
What is the hundred thousands digit of 64576147?
5
What is the ten thousands digit of 4342288?
4
What is the hundreds digit of 3043380756?
7
What is the units digit of 1725527560?
0
What is the hundreds digit of 3158687314?
3
What is the hundred millions digit of 764908740?
7
What is the ten millions digit of 145622613?
4
What is the units digit of 159593637?
7
What is the hundreds digit of 19264200?
2
What is the units digit of 115223232?
2
What is the units digit of 61577934?
4
What is the tens digit of 308202007?
0
What is the tens digit of 86240826?
2
What is the units digit of 49295064?
4
What is the hundred thousands digit of 119178296?
1
What is the hundreds digit of 103395135?
1
What is the ten thousands digit of 298718233?
1
What is the hundred thousands digit of 906690601?
6
What is the ten millions digit of 835743360?
3
What is the units digit of 72505146?
6
What is the hundreds digit of 77833270?
2
What is the units digit of 1234289126?
6
What is the tens digit of 842119307?
0
What is the ten millions digit of 1086420131?
8
What is the units digit of 1818948344?
4
What is the tens digit of 231734849?
4
What is the units digit of 412571846?
6
What is the ten millions digit of 1223498674?
2
What is the millions digit of 54084617?
4
What is the hundreds digit of 1581009919?
9
What is the ten millions digit of 42658665?
4
What is the hundreds digit of 29183270?
2
What is the hundred thousands digit of 187499301?
4
What is the millions digit of 1627666439?
7
What is the thousands digit of 1462704222?
4
What is the ten millions digit of 911837344?
1
What is the thousands digit of 11996379?
6
What is the millions digit of 23250083?
3
What is the hundred millions digit of 6600879789?
6
What is the millions digit of 1430873990?
0
What is the ten thousands digit of 20109640?
0
What is the ten thousands digit of 2117998522?
9
What is the thousands digit of 128975412?
5
What is the billions digit of 1169697748?
1
What is the billions digit of 2363882440?
2
What is the hundred millions digit of 789835191?
7
What is the millions digit of 38342808?
8
What is the units digit of 3266851531?
1
What is the hundreds digit of 874901171?
1
What is the millions digit of 64770901?
4
What is the ten thousands digit of 73717259?
1
What is the units digit of 62943437?
7
What is the hundred thousands digit of 44899893?
8
What is the tens digit of 20899904?
0
What is the units digit of 129069732?
2
What is the tens digit of 25589516?
1
What is the tens digit of 1860062352?
5
What is the hundred thousands digit of 57150528?
1
What is the hundred thousands digit of 628275102?
2
What is the billions digit of 2475931092?
2
What is the ten millions digit of 2195055176?
9
What is the tens digit of 465807220?
2
What is the hundreds digit of 35614678?
6
What is the tens digit of 143179609?
0
What is the thousands digit of 168046366?
6
What is the hundreds digit of 758451913?
9
What is the millions digit of 101451487?
1
What is the millions digit of 384121815?
4
What is the ten thousands digit of 292284833?
8
What is the millions digit of 918692537?
8
What is the thousands digit of 10907104?
7
What is the hundred thousands digit of 95477499?
4
What is the hundred thousands digit of 38459398?
4
What is the ten millions digit of 39138897?
3
What is the hundred thousands digit of 6724880967?
8
What is the ten thousands digit of 822863708?
6
What is the millions digit of 947822395?
7
What is the hundreds digit of 764012547?
5
What is the thousands digit of 41584666?
4
What is the units digit of 10379372?
2
What is the ten millions digit of 41268192?
4
What is the thousands digit of 155435110?
5
What is the hundred millions digit of 810532877?
8
What is the hundreds digit of 2316628757?
7
What is the ten thousands digit of 147837765?
3
What is the units digit of 2867451660?
0
What is the tens digit of 210112075?
7
What is the units digit of 43514132?
2
What is the thousands digit of 2726582?
6
What is the hundred millions digit of 310892132?
3
What is the ten thousands digit of 36646373?
4
What is the millions digit of 352309977?
2
What is the millions digit of 77506436?
7
What is the ten millions digit of 59075048?
5
What is the hundreds digit of 234073481?
4
What is the billions digit of 2809032650?
2
What is the units digit of 167502704?
4
What is the millions digit of 731331997?
1
What is the hundred thousands digit of 6155126858?
1
What is the millions digit of 6723186?
6
What is the units digit of 224596877?
7
What is the ten millions digit of 71743486?
7
What is the hundred thousands digit of 765899104?
8
What is the hundreds digit of 555199170?
1
What is the tens digit of 178162642?
4
What is the ten thousands digit of 1846399296?
9
What is the units digit of 55985189?
9
What is the hundred millions digit of 328677820?
3
What is the hundred thousands digit of 1179159722?
1
What is the tens digit of 362412652?
5
What is the hundred millions digit of 3353278236?
3
What is the units digit of 60592012?
2
What is the thousands digit of 195057776?
7
What is the ten thousands digit of 97516230?
1
What is the ten thousands digit of 5266493?
6
What is the hundreds digit of 804458207?
2
What is the hundreds digit of 285356709?
7
What is the ten thousands digit of 92825345?
2
What is the ten millions digit of 254296170?
5
What is the tens digit of 100387533?
3
What is the hundreds digit of 254963141?
1
What is the tens digit of 48095087?
8
What is the ten thousands digit of 31771564?
7
What is the ten millions digit of 788723770?
8
What is the hundred thousands digit of 5135746?
1
What is the ten millions digit of 251106820?
5
What is the hundred millions digit of 166974492?
1
What is the hundreds digit of 3867768079?
0
What is the units digit of 219213898?
8
What is the units digit of 14690720?
0
What is the units digit of 29753941?
1
What is the millions digit of 17319758?
7
What is the hundred millions digit of 108346233?
1
What is the thousands digit of 247047931?
7
What is the ten thousands digit of 46890046?
9
What is the ten thousands digit of 26683701?
8
What is the tens digit of 326946895?
9
What is the hundred thousands digit of 5616338009?
3
What is the hundred millions digit of 859558437?
8
What is the ten thousands digit of 43513244?
1
What is the hundreds digit of 38422622?
6
What is the thousands digit of 83870608?
0
What is the thousands digit of 993172064?
2
What is the tens digit of 168123779?
7
What is the hundred millions digit of 162458731?
1
What is the millions digit of 294281319?
4
What is 